 f(i) = i**2 + 142*i + 4567. Calculate f(-56).
-249
Let l(r) = 561*r**3 + 28*r**2 - 18*r - 41. What is l(-2)?
-4381
Let r(f) = 2*f**2 - 80*f - 3823. Calculate r(-25).
-573
Let n(z) = -9247*z - 2311704. Determine n(-250).
46
Let o(c) = -c**3 + 26*c**2 + 95*c + 21. What is o(30)?
-729
Let g(p) = -p**3 + 34*p**2 - 134*p - 273. Calculate g(7).
112
Let k(s) = -4073*s - 2879637. What is k(-707)?
-26
Let z(l) = 17*l**2 - 440*l + 2238. Give z(7).
-9
Let z(x) = -18*x**2 - 753*x + 262. What is z(-48)?
-5066
Let l(u) = u**3 - 132*u**2 + 3742*u - 2282. Give l(91).
-1281
Let i(p) = -1884*p - 977746. What is i(-519)?
50
Let v(n) = -8303*n + 108342. What is v(13)?
403
Let m(b) = -12171*b + 37269. Determine m(3).
756
Let o(g) = 57026*g + 171213. What is o(-3)?
135
Let a(g) = 11*g**2 + 960363*g - 960364. Give a(1).
10
Let t(i) = -11*i**3 + 145*i**2 + 128*i - 67. Calculate t(14).
-39
Let g(z) = -66936*z - 66936. Determine g(-1).
0
Let b(z) = 28*z**2 + 896*z + 957. Determine b(-31).
89
Let f(k) = -1482*k - 6081. Give f(-4).
-153
Let d(n) = -160656*n + 12049206. Calculate d(75).
6
Let a(x) = -650*x + 186. Give a(3).
-1764
Let v(f) = -38*f**3 + 3341*f**2 + 262*f - 155. What is v(88)?
-331
Let x(c) = c**3 + 217*c**2 + 1058*c - 474. Calculate x(-212).
-50
Let v(a) = -2*a**2 + 671*a + 2631438. Determine v(1327).
-3
Let p(z) = 67*z**2 + 530*z + 91. Give p(-9).
748
Let p(z) = -255*z + 142. What is p(5)?
-1133
Let n(f) = -f**2 - 209595*f + 18452101. Determine n(88).
-3
Let n(g) = -g**3 + 4*g**2 + 63*g - 329. Determine n(5).
-39
Let z(h) = 19587*h**2 - 137110*h + 3. What is z(7)?
-4
Let f(v) = -v**3 + 7*v**2 + 35*v + 247. Give f(12).
-53
Let a(d) = 2525*d + 1212. Calculate a(-1).
-1313
Let a(q) = 86415*q - 172788. Give a(2).
42
Let s(b) = 826*b**2 - 1662*b - 1. Give s(2).
-21
Let s(z) = 7*z**3 + 36*z**2 + 476*z + 2360. Give s(-5).
5
Let v(s) = 108732*s - 543653. What is v(5)?
7
Let x(t) = -2*t**3 + 230*t**2 + 34001*t - 211. Give x(200).
-11
Let p(i) = 8*i**3 - 38*i**2 + 73*i - 718. What is p(6)?
80
Let u(r) = -1727*r - 110479. Calculate u(-64).
49
Let j(o) = 2*o**3 + 71*o**2 - 578*o - 5204. What is j(-41)?
3
Let t(f) = 14*f - 326. Determine t(-6).
-410
Let v(k) = 84*k**3 - 40*k**2 + k + 2. Give v(2).
516
Let c(u) = 940*u + 241576. Calculate c(-257).
-4
Let d(i) = -9921*i - 1914807. Give d(-193).
-54
Let k(u) = -3*u**2 + 9319*u + 715830. Give k(-75).
30
Let r(s) = 1523*s - 61243. Determine r(39).
-1846
Let s(g) = -g**3 + 17*g**2 - 27*g + 631. Calculate s(13).
956
Let j(l) = -10*l**2 + 6*l + 332. What is j(3)?
260
Let m(g) = -3*g**3 + 14*g**2 + 15424*g - 77100. What is m(5)?
-5
Let h(j) = 2890*j - 3119. Calculate h(1).
-229
Let f(k) = -1122*k - 36082. Calculate f(-32).
-178
Let z(g) = 156161*g - 29. Give z(0).
-29
Let b(r) = -6*r**3 - 30*r**2 - 76*r - 17. Calculate b(-4).
191
Let c(a) = -2*a**2 + 66*a + 725. What is c(-9)?
-31
Let a(j) = 22417*j + 493174. Determine a(-22).
0
Let s(x) = 2*x**3 + 98*x**2 + 378*x + 739. Calculate s(-45).
-71
Let t(k) = -3*k**3 - 130*k**2 + 351*k - 781. Determine t(-46).
1
Let i(n) = -7*n**2 + 36*n - 99. Give i(3).
-54
Let k(y) = 2*y**2 + 2076*y - 60896. Determine k(29).
990
Let d(u) = -68*u**2 - 3142*u - 692. What is d(-46)?
-48
Let p(j) = -5*j**3 - 67*j**2 + 135*j + 179. Calculate p(-15).
-46
Let j(n) = -n**3 + 89*n**2 - 197*n + 2372. Determine j(87).
371
Let f(a) = -829*a + 9972. Calculate f(12).
24
Let w(i) = -32*i**3 - 595*i**2 - 336*i + 135. Give w(-18).
27
Let u(f) = -76*f**3 - 23477*f**2 + 2164*f + 295. What is u(-309)?
-14
Let c(a) = -8*a**2 + 962*a - 28855. Give c(57).
-13
Let m(f) = 4*f**2 - 274*f - 1735. What is m(73)?
-421
Let z(a) = 40*a**2 + 45*a - 1543. Determine z(0).
-1543
Let a(l) = -1751*l + 11254. Calculate a(6).
748
Let q(a) = 179*a**3 + 1037*a**2 - 206*a + 69. Give q(-6).
-27
Let h(q) = -2186*q + 28327. Give h(13).
-91
Let x(j) = j**2 - 82*j - 3494. Give x(-31).
9
Let g(j) = 6*j**2 + 102*j - 569. What is g(6)?
259
Let o(m) = -m**3 + 50*m**2 - 353*m + 20. What is o(42)?
-694
Let r(u) = -3*u**2 + 205*u - 841. Determine r(64).
-9
Let h(f) = -1489506*f + 2979006. What is h(2)?
-6
Let x(q) = -q**3 + q**2 - 53*q + 287. Give x(5).
-78
Let n(d) = 88881*d + 1688745. Calculate n(-19).
6
Let c(x) = -x**3 - 82*x**2 + 104*x + 976. Give c(-83).
-767
Let v(p) = 1287*p - 1042461. Determine v(810).
9
Let j(y) = 11086*y + 45449. Calculate j(-4).
1105
Let t(w) = w**3 + 6*w**2 - 6591*w - 26395. What is t(-4)?
1
Let k(i) = 365*i - 14230. Give k(39).
5
Let d(f) = 41*f**3 - 4*f**2 - 61*f - 113. Give d(-2).
-335
Let p(m) = 23779*m + 309126. What is p(-13)?
-1
Let y(w) = 151*w**3 + 12383*w**2 + 99*w + 1344. Give y(-82).
-50
Let k(z) = -7*z**3 - 76*z**2 + 305*z - 231. What is k(1)?
-9
Let q(f) = -556414*f - 1112822. What is q(-2)?
6
Let j(f) = -194932*f + 1559471. Give j(8).
15
Let k(q) = -q**2 - 305015*q + 2745213. Give k(9).
-3
Let g(c) = -4*c**2 - 173160*c + 173161. What is g(1)?
-3
Let q(c) = c**2 + 4714*c - 515848. Determine q(107).
-1
Let f(p) = 1944*p - 120335. Determine f(62).
193
Let o(x) = -234*x**2 + 450*x + 898. Determine o(-2).
-938
Let c(t) = -t**2 - 85*t - 665. Calculate c(-85).
-665
Let w(y) = -59763*y - 358259. What is w(-6)?
319
Let z(s) = -s**3 + 48*s**2 + 204*s - 2394. Calculate z(51).
207
Let k(j) = -16469*j + 329446. Determine k(20).
66
Let t(p) = 1791*p**2 - 80590*p - 197. Determine t(45).
28
Let a(z) = 3626*z**3 + z**2 - 2*z + 5. What is a(0)?
5
Let h(v) = 14*v**2 + 2254*v - 31702. Determine h(14).
2598
Let q(i) = -i**3 - 57*i**2 + 1038*i - 457. Give q(-72).
2567
Let l(a) = -2237*a - 18410. Determine l(-8).
-514
Let c(i) = 10*i**2 - 709*i - 116. Determine c(71).
-45
Let p(z) = -18*z + 907. Calculate p(37).
241
Let m(f) = -f**2 - 295*f + 1192. What is m(4)?
-4
Let l(p) = 194276*p + 194283. Give l(-1).
7
Let v(r) = 12*r**3 + 1425*r**2 - 339*r + 2133. Give v(-119).
-9
Let v(n) = 8*n**2 - 6685*n - 2016692. Determine v(1071).
1
Let i(g) = 121*g**3 + 3389*g**2 + 30*g + 43. Determine i(-28).
-13
Let c(v) = v**2 + 653*v + 21617. Give c(-35).
-13
Let x(i) = -i**3 - 61*i**2 + 487*i + 455. Give x(8).
-65
Let z(t) = -160*t + 23947. What is z(149)?
107
Let b(w) = 371*w**2 - 497*w - 486. Calculate b(2).
4
Let m(t) = 8*t**2 + 2329*t + 128544. What is m(-74)?
6
Let o(m) = -142*m**2 + 5233*m + 5233. Give o(-1).
-142
Let b(k) = 3*k**2 + 877*k + 61211. Determine b(-175).
-389
Let l(a) = a**3 - 117*a**2 - 106*a + 25532. What is l(116)?
-220
Let j(d) = 18409*d + 2706120. Determine j(-147).
-3
Let b(x) = 45*x**2 + 938*x + 4147. Determine b(-14).
-165
Let d(y) = -216037*y - 216032. Determine d(-1).
5
Let h(p) = -3*p**2 + 82*p - 277. What is h(33)?
-838
Let j(r) = r**2 - 23748*r + 1113922. Calculate j(47).
-25
Let m(v) = 2*v**2 - 24764*v + 173232. Determine m(7).
-18
Let x(v) = 1694*v + 19924. What is x(-11)?
1290
Let z(h) = -31*h**2 + 451*h + 32. What is z(14)?
270
Let x(s) = -45*s + 2816. What is x(-27)?
4031
Let z(k) = k**3 + 218*k**2 - 1542*k + 7391. Calculate z(-225).
-34
Let i(b) = 4*b**2 - 2174*b - 15483. Determine i(-7).
-69
Let x(h) = -h**3 - 30*h**2 + 110*h + 356. Give x(-33).
-7
Let h(g) = 439*g + 13963. Calculate h(-32).
-85
Let a(o) = -o**3 - 32*o**2 + 405*o - 225. Give a(9).
99
Let n(h) = 3*h**3 - 4*h**2 - 69*h - 190. Determine n(12).
3590
Let l(n) = 11*n**2 + 6858*n - 3739. What is l(-624)?
5
Let w(v) = v**3 - 211*v**2 + 11052*v + 8278. What is w(106)?
10
Let u(i) = 34*i**2 + 167*i + 71. What is u(-5)?
86
Let c(w) = -20*w**2 - 247*w + 1590. What is c(-17)?
9
Let j(n) = n**3 - 35*n**2 + 254*n - 94. What is j(9)?
86
Let y(j) = -j**3 + 142*j**2 - 119*j - 3500. Calculate y(141).
-398
Let o(i) = -959*i + 86261. Determine o(90).
-49
Let q(a) = -1326*a - 10508. Give q(-7).
-1226
Let y(u) = 43323*u + 606516. Give y(-14).
-6
Let z(v) = -10*v**2 - 1787*v - 139. Give z(-179).
-676
Let x(q) = -q**3 + 26*q**2 - 258*q + 5798. What is x(25)?
-27
Let t(s) = -23*s**3 + 80*s**2 + 213*s + 131. What is t(-1)?
21
Let a(i) = -i**3 + 33*i**2 - 29*i - 199. Give a(32).
-103
Let s(q) = q**2 + 586*q - 219275. Calculate s(259).
-420
Let s(y) = -y**3 - 27*y**2 + 118*y + 2417. Determine s(-27).
-769
Let v(f) = -203*f**2 + 2282*f + 49. Calculate v(11).
588
Let h(p) = -119*p**3 - 4*p**2 - 5*p - 8. Determine h(2).
-986
Let n(j) = 86*j**3 + 112*j**2 - 216*j - 